{"id":63,"date":"2019-03-12T17:06:19","date_gmt":"2019-03-12T16:06:19","guid":{"rendered":"https:\/\/mimsommer.com\/?page_id=63"},"modified":"2024-09-27T09:25:24","modified_gmt":"2024-09-27T07:25:24","slug":"moderatorin-journalisti-schauspielerin","status":"publish","type":"page","link":"https:\/\/miriamwinter.at\/","title":{"rendered":""},"content":{"rendered":"\n<p class=\"has-medium-font-size\">Ich moderiere Events, TV und Radio und bin als Redakteurin und Journalistin immer auf der Suche nach den Themen von morgen.<\/p>\n\n\n\t\t<div class='wp-block-bsb-slider  align' id='bsbCarousel-262526db-8' data-attributes='{&quot;cId&quot;:&quot;262526db-8&quot;,&quot;sliders&quot;:[{&quot;img&quot;:{&quot;id&quot;:425,&quot;url&quot;:&quot;https:\\\/\\\/miriamwinter.at\\\/wp-content\\\/uploads\\\/2022\\\/10\\\/1908callelibre.jpg&quot;,&quot;alt&quot;:&quot;&quot;,&quot;title&quot;:&quot;1908callelibre&quot;},&quot;title&quot;:&quot;Calle Libre Festival Moderation&quot;,&quot;desc&quot;:&quot;&quot;},{&quot;img&quot;:{&quot;id&quot;:451,&quot;url&quot;:&quot;https:\\\/\\\/miriamwinter.at\\\/wp-content\\\/uploads\\\/2023\\\/02\\\/slider-02-scaled.jpg&quot;,&quot;alt&quot;:&quot;&quot;,&quot;title&quot;:&quot;slider-02&quot;},&quot;title&quot;:&quot;Caf\\u00e9 Puls&quot;,&quot;desc&quot;:&quot;&quot;},{&quot;img&quot;:{&quot;id&quot;:439,&quot;url&quot;:&quot;https:\\\/\\\/miriamwinter.at\\\/wp-content\\\/uploads\\\/2023\\\/02\\\/80015155-85E3-46CB-8DEF-BEF5164A743E-1.jpeg&quot;,&quot;alt&quot;:&quot;&quot;,&quot;title&quot;:&quot;80015155-85E3-46CB-8DEF-BEF5164A743E-1&quot;},&quot;title&quot;:&quot;Acting - Fahndung \\u00d6sterreich&quot;,&quot;desc&quot;:&quot;&quot;},{&quot;img&quot;:{&quot;id&quot;:452,&quot;url&quot;:&quot;https:\\\/\\\/miriamwinter.at\\\/wp-content\\\/uploads\\\/2023\\\/02\\\/goldbach-slide-scaled.jpg&quot;,&quot;alt&quot;:&quot;&quot;,&quot;title&quot;:&quot;goldbach-slide&quot;},&quot;title&quot;:&quot;Moderation Goldbach Jubil\\u00e4um&quot;,&quot;desc&quot;:&quot;&quot;},{&quot;img&quot;:{&quot;id&quot;:419,&quot;url&quot;:&quot;https:\\\/\\\/miriamwinter.at\\\/wp-content\\\/uploads\\\/2022\\\/10\\\/51904144444_54a11d4aa6_o-scaled.jpg&quot;,&quot;alt&quot;:&quot;&quot;,&quot;title&quot;:&quot;51904144444_54a11d4aa6_o&quot;},&quot;title&quot;:&quot;Moderation Couchgefl\\u00fcster&quot;,&quot;desc&quot;:&quot;&quot;},{&quot;img&quot;:{&quot;id&quot;:417,&quot;url&quot;:&quot;https:\\\/\\\/miriamwinter.at\\\/wp-content\\\/uploads\\\/2022\\\/10\\\/bildschirmfoto-2022-09-26-um-22.10.33.png&quot;,&quot;alt&quot;:&quot;&quot;,&quot;title&quot;:&quot;bildschirmfoto-2022-09-26-um-22.10.33&quot;},&quot;title&quot;:&quot;Moderation Bartosek Medical Talks&quot;,&quot;desc&quot;:&quot;&quot;},{&quot;img&quot;:{&quot;id&quot;:421,&quot;url&quot;:&quot;https:\\\/\\\/miriamwinter.at\\\/wp-content\\\/uploads\\\/2022\\\/10\\\/cPhilippLipiarski-7351-scaled.jpg&quot;,&quot;alt&quot;:&quot;&quot;,&quot;title&quot;:&quot;\\u00a9 Philipp Lipiarski \\\/ www.lipiarski.com&quot;},&quot;title&quot;:&quot;Moderation H&amp;M&quot;,&quot;desc&quot;:&quot;&quot;},{&quot;img&quot;:{&quot;id&quot;:196,&quot;url&quot;:&quot;https:\\\/\\\/miriamwinter.at\\\/wp-content\\\/uploads\\\/2019\\\/09\\\/9A4A3758.jpg&quot;,&quot;alt&quot;:&quot;&quot;,&quot;title&quot;:&quot;9A4A3758&quot;},&quot;title&quot;:&quot;Calle Libre Couch Talks&quot;,&quot;desc&quot;:&quot;&quot;},{&quot;img&quot;:{&quot;id&quot;:197,&quot;url&quot;:&quot;https:\\\/\\\/miriamwinter.at\\\/wp-content\\\/uploads\\\/2019\\\/09\\\/190425-IKEA-4136-\\u00a9-IKEA.jpg&quot;,&quot;alt&quot;:&quot;&quot;,&quot;title&quot;:&quot;190425-IKEA-4136 \\u00a9 IKEA&quot;},&quot;title&quot;:&quot;Moderation IKEA &quot;,&quot;desc&quot;:&quot;&quot;},{&quot;img&quot;:{&quot;id&quot;:179,&quot;url&quot;:&quot;https:\\\/\\\/miriamwinter.at\\\/wp-content\\\/uploads\\\/2019\\\/08\\\/mimstudio-6-e1566549796415.jpg&quot;,&quot;alt&quot;:&quot;&quot;,&quot;title&quot;:&quot;mimstudio-6&quot;},&quot;title&quot;:&quot;Voice Acting&quot;,&quot;desc&quot;:&quot;&quot;},{&quot;img&quot;:{&quot;id&quot;:453,&quot;url&quot;:&quot;https:\\\/\\\/miriamwinter.at\\\/wp-content\\\/uploads\\\/2023\\\/02\\\/cocacola-slide-scaled.jpg&quot;,&quot;alt&quot;:&quot;&quot;,&quot;title&quot;:&quot;cocacola-slide&quot;},&quot;title&quot;:&quot;Moderation Coca Cola&quot;,&quot;desc&quot;:&quot;&quot;},{&quot;img&quot;:{&quot;id&quot;:454,&quot;url&quot;:&quot;https:\\\/\\\/miriamwinter.at\\\/wp-content\\\/uploads\\\/2023\\\/02\\\/moas-slide-scaled.jpg&quot;,&quot;alt&quot;:&quot;&quot;,&quot;title&quot;:&quot;moas-slide&quot;},&quot;title&quot;:&quot;Acting &#039;Chingwe&#039; - Mother of All Sins&quot;,&quot;desc&quot;:&quot;&quot;},{&quot;img&quot;:{&quot;id&quot;:513,&quot;url&quot;:&quot;https:\\\/\\\/miriamwinter.at\\\/wp-content\\\/uploads\\\/2024\\\/02\\\/slider-eisfabrik-1-scaled.jpg&quot;,&quot;alt&quot;:&quot;&quot;,&quot;title&quot;:&quot;slider-eisfabrik&quot;},&quot;title&quot;:&quot;Moderation 125 Jahre Eisfabrik&quot;,&quot;desc&quot;:&quot;&quot;},{&quot;img&quot;:{&quot;id&quot;:512,&quot;url&quot;:&quot;https:\\\/\\\/miriamwinter.at\\\/wp-content\\\/uploads\\\/2024\\\/02\\\/RadioEnergy_Studio_2023_bennischoen-10-1-scaled.jpg&quot;,&quot;alt&quot;:&quot;&quot;,&quot;title&quot;:&quot;RadioEnergy_Studio_2023_bennischoen-10&quot;},&quot;title&quot;:&quot;Radio NRJ Moderation&quot;,&quot;desc&quot;:&quot;&quot;},{&quot;img&quot;:{&quot;id&quot;:503,&quot;url&quot;:&quot;https:\\\/\\\/miriamwinter.at\\\/wp-content\\\/uploads\\\/2024\\\/02\\\/DSC04481-scaled.jpg&quot;,&quot;alt&quot;:&quot;&quot;,&quot;title&quot;:&quot;DSC04481&quot;},&quot;title&quot;:&quot;Podcast Moderation&quot;,&quot;desc&quot;:&quot;&quot;},{&quot;img&quot;:{&quot;id&quot;:501,&quot;url&quot;:&quot;https:\\\/\\\/miriamwinter.at\\\/wp-content\\\/uploads\\\/2024\\\/02\\\/DSC04462-scaled.jpg&quot;,&quot;alt&quot;:&quot;&quot;,&quot;title&quot;:&quot;DSC04462&quot;},&quot;title&quot;:&quot;Studiomoderation Q9&quot;,&quot;desc&quot;:&quot;&quot;}],&quot;titleTypo&quot;:{&quot;fontSize&quot;:9,&quot;fontWeight&quot;:300,&quot;lineHeight&quot;:&quot;0%&quot;,&quot;fontVariant&quot;:&quot;300&quot;,&quot;textTransform&quot;:&quot;none&quot;,&quot;letterSpace&quot;:&quot;2px&quot;},&quot;titleMargin&quot;:{&quot;top&quot;:&quot;4px&quot;,&quot;right&quot;:&quot;0px&quot;,&quot;bottom&quot;:&quot;5px&quot;,&quot;left&quot;:&quot;0px&quot;},&quot;SliderOverly&quot;:&quot;#59595952&quot;,&quot;options&quot;:{&quot;interval&quot;:2000,&quot;ride&quot;:true,&quot;pause&quot;:true,&quot;height&quot;:400},&quot;animation&quot;:&quot;carousel-fade&quot;,&quot;height&quot;:&quot;330px&quot;,&quot;borderRadius&quot;:{&quot;top&quot;:&quot;0px&quot;,&quot;left&quot;:&quot;0px&quot;,&quot;right&quot;:&quot;0px&quot;,&quot;bottom&quot;:&quot;0px&quot;},&quot;align&quot;:&quot;&quot;,&quot;titleColor&quot;:&quot;#fff&quot;,&quot;descTypo&quot;:{&quot;fontSize&quot;:20,&quot;fontWeight&quot;:400,&quot;lineHeight&quot;:&quot;135%&quot;},&quot;descColor&quot;:&quot;#fff&quot;,&quot;descMargin&quot;:{&quot;top&quot;:&quot;5px&quot;,&quot;right&quot;:&quot;0px&quot;,&quot;bottom&quot;:&quot;5px&quot;,&quot;left&quot;:&quot;0px&quot;},&quot;arrow&quot;:{&quot;visibility&quot;:true,&quot;size&quot;:48,&quot;color&quot;:&quot;#000&quot;,&quot;bg&quot;:&quot;transparent&quot;},&quot;arrowWidth&quot;:&quot;50px&quot;,&quot;arrowHeight&quot;:&quot;50px&quot;,&quot;arrowRadius&quot;:{&quot;top&quot;:&quot;3px&quot;,&quot;bottom&quot;:&quot;3px&quot;,&quot;left&quot;:&quot;3px&quot;,&quot;right&quot;:&quot;3px&quot;},&quot;indicator&quot;:{&quot;visibility&quot;:true,&quot;style&quot;:&quot;&quot;,&quot;color&quot;:&quot;#000&quot;,&quot;activeColor&quot;:&quot;#fff&quot;,&quot;width&quot;:&quot;30px&quot;,&quot;height&quot;:&quot;3px&quot;,&quot;radius&quot;:&quot;0px&quot;},&quot;position&quot;:{&quot;top&quot;:&quot;default&quot;,&quot;bottom&quot;:&quot;&quot;}}'><\/div>\r\n\r\n\t\t\n\n\n<p class=\"has-text-align-left\"> <br><strong> <\/strong><\/p>\n\n\n\n<p><em>\u201cIch rede und schreibe, lache und weine. \u201d<\/em> <br>Vor und hinter Kamera und Mikro, und auch gerne an der Tastatur.<br><\/p>\n\n\n\n<p>Genauer hei\u00dft das: Ich bin Moderatorin, Journalistin und <a href=\"https:\/\/www.filmmakers.eu\/en\/actors\/miriam-winter\" data-type=\"link\" data-id=\"https:\/\/www.filmmakers.eu\/en\/actors\/miriam-winter\">Schauspielerin<\/a>. Ich moderiere auf (internationalen) Events, bin f\u00fcr verschiedene TV- und Online Produktionen vor der Kamera, im Hintergrund auch als Redakteurin und Journalistin. Ich bin derzeit zu h\u00f6ren auf <a href=\"https:\/\/energy.at\/on-air\/team\/mimi-winter\/\" data-type=\"link\" data-id=\"https:\/\/energy.at\/on-air\/team\/mimi-winter\/\">Radio Energy<\/a> und Nostalgie (oder auch in Spots, H\u00f6r- oder Lehrb\u00fcchern), zu sehen war ich unter anderem l\u00e4ngere Zeit im Fr\u00fchst\u00fccksfernsehen mit den <a href=\"https:\/\/www.puls24.at\/video\/cafe-puls\/die-besten-podcasts-2022\/v-cpm6i91ef90p\" data-type=\"link\" data-id=\"https:\/\/www.puls24.at\/video\/cafe-puls\/die-besten-podcasts-2022\/v-cpm6i91ef90p\">Caf\u00e9 Puls Podcast Tipps<\/a>, im Regionalsender LLTV, planetlife.tv und f\u00fcr verschiedene online Formate, wie <a href=\"https:\/\/www.linkedin.com\/posts\/unicredit-bank-austria-ag_ziele-erreichen-mit-geduld-activity-7168884493385121792-zylv?utm_source=share&amp;utm_medium=member_desktop\" data-type=\"link\" data-id=\"https:\/\/www.linkedin.com\/posts\/unicredit-bank-austria-ag_ziele-erreichen-mit-geduld-activity-7168884493385121792-zylv?utm_source=share&amp;utm_medium=member_desktop\">dieses hier<\/a>. <br><\/p>\n\n\n\n<p>Um diese Erfahrungen und mein Wissen sinnvoll weiterzugeben, gebe ich au\u00dferdem Workshops zum Thema Faktencheck und Medienkompetenz in Schulen.Aktuell besuche ich neben meiner Selbstst\u00e4ndigkeit noch den Master Kurs f\u00fcr Journalismus und Neue Medien an der FH der WKW Wien. Hier spezialisiere ich mich, neben Themen wie Gesellschaft, Kultur und Kommunikation, vor allem auf Themen wie Nachhaltigkeit, Public Value und KI. Was ich aber an meinem Job liebe, ist in die verschiedensten Welten einzutauchen und sich immer wieder neues Wissen anzueignen und so immer wieder neu aufkommende Neugierden zu stillen.<\/p>\n\n\n\n<p><\/p>\n\n\n\n<p>Seit 2024 habe ich nun auch offiziell mein Schauspiel Diplom. <\/p>\n\n\n\n<figure class=\"wp-block-image size-large\"><img loading=\"lazy\" decoding=\"async\" width=\"1024\" height=\"429\" src=\"https:\/\/miriamwinter.at\/wp-content\/uploads\/2021\/01\/mimbanner-1024x429.jpg\" alt=\"\" class=\"wp-image-292\" srcset=\"https:\/\/miriamwinter.at\/wp-content\/uploads\/2021\/01\/mimbanner-1024x429.jpg 1024w, https:\/\/miriamwinter.at\/wp-content\/uploads\/2021\/01\/mimbanner-300x126.jpg 300w, https:\/\/miriamwinter.at\/wp-content\/uploads\/2021\/01\/mimbanner-768x322.jpg 768w\" sizes=\"(max-width: 767px) 89vw, (max-width: 1000px) 54vw, (max-width: 1071px) 543px, 580px\" \/><\/figure>\n","protected":false},"excerpt":{"rendered":"<p>Ich moderiere Events, TV und Radio und bin als Redakteurin und Journalistin immer auf der Suche nach den Themen von morgen. \u201cIch rede und schreibe, lache und weine. \u201d Vor und hinter Kamera und Mikro, und auch gerne an der Tastatur. Genauer hei\u00dft das: Ich bin Moderatorin, Journalistin und Schauspielerin. Ich moderiere auf (internationalen) Events, &hellip; <\/p>\n<p class=\"link-more\"><a href=\"https:\/\/miriamwinter.at\/\" class=\"more-link\"><span class=\"screen-reader-text\">\u201e\u201c<\/span> weiterlesen<\/a><\/p>\n","protected":false},"author":1,"featured_media":0,"parent":0,"menu_order":0,"comment_status":"closed","ping_status":"closed","template":"","meta":{"footnotes":""},"_links":{"self":[{"href":"https:\/\/miriamwinter.at\/index.php?rest_route=\/wp\/v2\/pages\/63"}],"collection":[{"href":"https:\/\/miriamwinter.at\/index.php?rest_route=\/wp\/v2\/pages"}],"about":[{"href":"https:\/\/miriamwinter.at\/index.php?rest_route=\/wp\/v2\/types\/page"}],"author":[{"embeddable":true,"href":"https:\/\/miriamwinter.at\/index.php?rest_route=\/wp\/v2\/users\/1"}],"replies":[{"embeddable":true,"href":"https:\/\/miriamwinter.at\/index.php?rest_route=%2Fwp%2Fv2%2Fcomments&post=63"}],"version-history":[{"count":41,"href":"https:\/\/miriamwinter.at\/index.php?rest_route=\/wp\/v2\/pages\/63\/revisions"}],"predecessor-version":[{"id":547,"href":"https:\/\/miriamwinter.at\/index.php?rest_route=\/wp\/v2\/pages\/63\/revisions\/547"}],"wp:attachment":[{"href":"https:\/\/miriamwinter.at\/index.php?rest_route=%2Fwp%2Fv2%2Fmedia&parent=63"}],"curies":[{"name":"wp","href":"https:\/\/api.w.org\/{rel}","templated":true}]}}

<p class="has-medium-font-size">Ich moderiere Events, TV und Radio und bin als Redakteurin und Journalistin immer auf der Suche nach den Themen von morgen.</p>


		<div class='wp-block-bsb-slider  align' id='bsbCarousel-262526db-8' data-attributes='{&quot;cId&quot;:&quot;262526db-8&quot;,&quot;sliders&quot;:[{&quot;img&quot;:{&quot;id&quot;:425,&quot;url&quot;:&quot;https:\/\/miriamwinter.at\/wp-content\/uploads\/2022\/10\/1908callelibre.jpg&quot;,&quot;alt&quot;:&quot;&quot;,&quot;title&quot;:&quot;1908callelibre&quot;},&quot;title&quot;:&quot;Calle Libre Festival Moderation&quot;,&quot;desc&quot;:&quot;&quot;},{&quot;img&quot;:{&quot;id&quot;:451,&quot;url&quot;:&quot;https:\/\/miriamwinter.at\/wp-content\/uploads\/2023\/02\/slider-02-scaled.jpg&quot;,&quot;alt&quot;:&quot;&quot;,&quot;title&quot;:&quot;slider-02&quot;},&quot;title&quot;:&quot;Caf\u00e9 Puls&quot;,&quot;desc&quot;:&quot;&quot;},{&quot;img&quot;:{&quot;id&quot;:439,&quot;url&quot;:&quot;https:\/\/miriamwinter.at\/wp-content\/uploads\/2023\/02\/80015155-85E3-46CB-8DEF-BEF5164A743E-1.jpeg&quot;,&quot;alt&quot;:&quot;&quot;,&quot;title&quot;:&quot;80015155-85E3-46CB-8DEF-BEF5164A743E-1&quot;},&quot;title&quot;:&quot;Acting - Fahndung \u00d6sterreich&quot;,&quot;desc&quot;:&quot;&quot;},{&quot;img&quot;:{&quot;id&quot;:452,&quot;url&quot;:&quot;https:\/\/miriamwinter.at\/wp-content\/uploads\/2023\/02\/goldbach-slide-scaled.jpg&quot;,&quot;alt&quot;:&quot;&quot;,&quot;title&quot;:&quot;goldbach-slide&quot;},&quot;title&quot;:&quot;Moderation Goldbach Jubil\u00e4um&quot;,&quot;desc&quot;:&quot;&quot;},{&quot;img&quot;:{&quot;id&quot;:419,&quot;url&quot;:&quot;https:\/\/miriamwinter.at\/wp-content\/uploads\/2022\/10\/51904144444_54a11d4aa6_o-scaled.jpg&quot;,&quot;alt&quot;:&quot;&quot;,&quot;title&quot;:&quot;51904144444_54a11d4aa6_o&quot;},&quot;title&quot;:&quot;Moderation Couchgefl\u00fcster&quot;,&quot;desc&quot;:&quot;&quot;},{&quot;img&quot;:{&quot;id&quot;:417,&quot;url&quot;:&quot;https:\/\/miriamwinter.at\/wp-content\/uploads\/2022\/10\/bildschirmfoto-2022-09-26-um-22.10.33.png&quot;,&quot;alt&quot;:&quot;&quot;,&quot;title&quot;:&quot;bildschirmfoto-2022-09-26-um-22.10.33&quot;},&quot;title&quot;:&quot;Moderation Bartosek Medical Talks&quot;,&quot;desc&quot;:&quot;&quot;},{&quot;img&quot;:{&quot;id&quot;:421,&quot;url&quot;:&quot;https:\/\/miriamwinter.at\/wp-content\/uploads\/2022\/10\/cPhilippLipiarski-7351-scaled.jpg&quot;,&quot;alt&quot;:&quot;&quot;,&quot;title&quot;:&quot;\u00a9 Philipp Lipiarski \/ www.lipiarski.com&quot;},&quot;title&quot;:&quot;Moderation H&amp;M&quot;,&quot;desc&quot;:&quot;&quot;},{&quot;img&quot;:{&quot;id&quot;:196,&quot;url&quot;:&quot;https:\/\/miriamwinter.at\/wp-content\/uploads\/2019\/09\/9A4A3758.jpg&quot;,&quot;alt&quot;:&quot;&quot;,&quot;title&quot;:&quot;9A4A3758&quot;},&quot;title&quot;:&quot;Calle Libre Couch Talks&quot;,&quot;desc&quot;:&quot;&quot;},{&quot;img&quot;:{&quot;id&quot;:197,&quot;url&quot;:&quot;https:\/\/miriamwinter.at\/wp-content\/uploads\/2019\/09\/190425-IKEA-4136-\u00a9-IKEA.jpg&quot;,&quot;alt&quot;:&quot;&quot;,&quot;title&quot;:&quot;190425-IKEA-4136 \u00a9 IKEA&quot;},&quot;title&quot;:&quot;Moderation IKEA &quot;,&quot;desc&quot;:&quot;&quot;},{&quot;img&quot;:{&quot;id&quot;:179,&quot;url&quot;:&quot;https:\/\/miriamwinter.at\/wp-content\/uploads\/2019\/08\/mimstudio-6-e1566549796415.jpg&quot;,&quot;alt&quot;:&quot;&quot;,&quot;title&quot;:&quot;mimstudio-6&quot;},&quot;title&quot;:&quot;Voice Acting&quot;,&quot;desc&quot;:&quot;&quot;},{&quot;img&quot;:{&quot;id&quot;:453,&quot;url&quot;:&quot;https:\/\/miriamwinter.at\/wp-content\/uploads\/2023\/02\/cocacola-slide-scaled.jpg&quot;,&quot;alt&quot;:&quot;&quot;,&quot;title&quot;:&quot;cocacola-slide&quot;},&quot;title&quot;:&quot;Moderation Coca Cola&quot;,&quot;desc&quot;:&quot;&quot;},{&quot;img&quot;:{&quot;id&quot;:454,&quot;url&quot;:&quot;https:\/\/miriamwinter.at\/wp-content\/uploads\/2023\/02\/moas-slide-scaled.jpg&quot;,&quot;alt&quot;:&quot;&quot;,&quot;title&quot;:&quot;moas-slide&quot;},&quot;title&quot;:&quot;Acting &#039;Chingwe&#039; - Mother of All Sins&quot;,&quot;desc&quot;:&quot;&quot;},{&quot;img&quot;:{&quot;id&quot;:513,&quot;url&quot;:&quot;https:\/\/miriamwinter.at\/wp-content\/uploads\/2024\/02\/slider-eisfabrik-1-scaled.jpg&quot;,&quot;alt&quot;:&quot;&quot;,&quot;title&quot;:&quot;slider-eisfabrik&quot;},&quot;title&quot;:&quot;Moderation 125 Jahre Eisfabrik&quot;,&quot;desc&quot;:&quot;&quot;},{&quot;img&quot;:{&quot;id&quot;:512,&quot;url&quot;:&quot;https:\/\/miriamwinter.at\/wp-content\/uploads\/2024\/02\/RadioEnergy_Studio_2023_bennischoen-10-1-scaled.jpg&quot;,&quot;alt&quot;:&quot;&quot;,&quot;title&quot;:&quot;RadioEnergy_Studio_2023_bennischoen-10&quot;},&quot;title&quot;:&quot;Radio NRJ Moderation&quot;,&quot;desc&quot;:&quot;&quot;},{&quot;img&quot;:{&quot;id&quot;:503,&quot;url&quot;:&quot;https:\/\/miriamwinter.at\/wp-content\/uploads\/2024\/02\/DSC04481-scaled.jpg&quot;,&quot;alt&quot;:&quot;&quot;,&quot;title&quot;:&quot;DSC04481&quot;},&quot;title&quot;:&quot;Podcast Moderation&quot;,&quot;desc&quot;:&quot;&quot;},{&quot;img&quot;:{&quot;id&quot;:501,&quot;url&quot;:&quot;https:\/\/miriamwinter.at\/wp-content\/uploads\/2024\/02\/DSC04462-scaled.jpg&quot;,&quot;alt&quot;:&quot;&quot;,&quot;title&quot;:&quot;DSC04462&quot;},&quot;title&quot;:&quot;Studiomoderation Q9&quot;,&quot;desc&quot;:&quot;&quot;}],&quot;titleTypo&quot;:{&quot;fontSize&quot;:9,&quot;fontWeight&quot;:300,&quot;lineHeight&quot;:&quot;0%&quot;,&quot;fontVariant&quot;:&quot;300&quot;,&quot;textTransform&quot;:&quot;none&quot;,&quot;letterSpace&quot;:&quot;2px&quot;},&quot;titleMargin&quot;:{&quot;top&quot;:&quot;4px&quot;,&quot;right&quot;:&quot;0px&quot;,&quot;bottom&quot;:&quot;5px&quot;,&quot;left&quot;:&quot;0px&quot;},&quot;SliderOverly&quot;:&quot;#59595952&quot;,&quot;options&quot;:{&quot;interval&quot;:2000,&quot;ride&quot;:true,&quot;pause&quot;:true,&quot;height&quot;:400},&quot;animation&quot;:&quot;carousel-fade&quot;,&quot;height&quot;:&quot;330px&quot;,&quot;borderRadius&quot;:{&quot;top&quot;:&quot;0px&quot;,&quot;left&quot;:&quot;0px&quot;,&quot;right&quot;:&quot;0px&quot;,&quot;bottom&quot;:&quot;0px&quot;},&quot;align&quot;:&quot;&quot;,&quot;titleColor&quot;:&quot;#fff&quot;,&quot;descTypo&quot;:{&quot;fontSize&quot;:20,&quot;fontWeight&quot;:400,&quot;lineHeight&quot;:&quot;135%&quot;},&quot;descColor&quot;:&quot;#fff&quot;,&quot;descMargin&quot;:{&quot;top&quot;:&quot;5px&quot;,&quot;right&quot;:&quot;0px&quot;,&quot;bottom&quot;:&quot;5px&quot;,&quot;left&quot;:&quot;0px&quot;},&quot;arrow&quot;:{&quot;visibility&quot;:true,&quot;size&quot;:48,&quot;color&quot;:&quot;#000&quot;,&quot;bg&quot;:&quot;transparent&quot;},&quot;arrowWidth&quot;:&quot;50px&quot;,&quot;arrowHeight&quot;:&quot;50px&quot;,&quot;arrowRadius&quot;:{&quot;top&quot;:&quot;3px&quot;,&quot;bottom&quot;:&quot;3px&quot;,&quot;left&quot;:&quot;3px&quot;,&quot;right&quot;:&quot;3px&quot;},&quot;indicator&quot;:{&quot;visibility&quot;:true,&quot;style&quot;:&quot;&quot;,&quot;color&quot;:&quot;#000&quot;,&quot;activeColor&quot;:&quot;#fff&quot;,&quot;width&quot;:&quot;30px&quot;,&quot;height&quot;:&quot;3px&quot;,&quot;radius&quot;:&quot;0px&quot;},&quot;position&quot;:{&quot;top&quot;:&quot;default&quot;,&quot;bottom&quot;:&quot;&quot;}}'></div>

		


<p class="has-text-align-left"> <br><strong> </strong></p>



<p><em>“Ich rede und schreibe, lache und weine. ”</em> <br>Vor und hinter Kamera und Mikro, und auch gerne an der Tastatur.<br></p>



<p>Genauer heißt das: Ich bin Moderatorin, Journalistin und <a href="https://www.filmmakers.eu/en/actors/miriam-winter" data-type="link" data-id="https://www.filmmakers.eu/en/actors/miriam-winter">Schauspielerin</a>. Ich moderiere auf (internationalen) Events, bin für verschiedene TV- und Online Produktionen vor der Kamera, im Hintergrund auch als Redakteurin und Journalistin. Ich bin derzeit zu hören auf <a href="https://energy.at/on-air/team/mimi-winter/" data-type="link" data-id="https://energy.at/on-air/team/mimi-winter/">Radio Energy</a> und Nostalgie (oder auch in Spots, Hör- oder Lehrbüchern), zu sehen war ich unter anderem längere Zeit im Frühstücksfernsehen mit den <a href="https://www.puls24.at/video/cafe-puls/die-besten-podcasts-2022/v-cpm6i91ef90p" data-type="link" data-id="https://www.puls24.at/video/cafe-puls/die-besten-podcasts-2022/v-cpm6i91ef90p">Café Puls Podcast Tipps</a>, im Regionalsender LLTV, planetlife.tv und für verschiedene online Formate, wie <a href="https://www.linkedin.com/posts/unicredit-bank-austria-ag_ziele-erreichen-mit-geduld-activity-7168884493385121792-zylv?utm_source=share&amp;utm_medium=member_desktop" data-type="link" data-id="https://www.linkedin.com/posts/unicredit-bank-austria-ag_ziele-erreichen-mit-geduld-activity-7168884493385121792-zylv?utm_source=share&amp;utm_medium=member_desktop">dieses hier</a>. <br></p>



<p>Um diese Erfahrungen und mein Wissen sinnvoll weiterzugeben, gebe ich außerdem Workshops zum Thema Faktencheck und Medienkompetenz in Schulen.Aktuell besuche ich neben meiner Selbstständigkeit noch den Master Kurs für Journalismus und Neue Medien an der FH der WKW Wien. Hier spezialisiere ich mich, neben Themen wie Gesellschaft, Kultur und Kommunikation, vor allem auf Themen wie Nachhaltigkeit, Public Value und KI. Was ich aber an meinem Job liebe, ist in die verschiedensten Welten einzutauchen und sich immer wieder neues Wissen anzueignen und so immer wieder neu aufkommende Neugierden zu stillen.</p>



<p></p>



<p>Seit 2024 habe ich nun auch offiziell mein Schauspiel Diplom. </p>



<figure class="wp-block-image size-large"><img loading="lazy" decoding="async" width="1024" height="429" src="https://miriamwinter.at/wp-content/uploads/2021/01/mimbanner-1024x429.jpg" alt="" class="wp-image-292" srcset="https://miriamwinter.at/wp-content/uploads/2021/01/mimbanner-1024x429.jpg 1024w, https://miriamwinter.at/wp-content/uploads/2021/01/mimbanner-300x126.jpg 300w, https://miriamwinter.at/wp-content/uploads/2021/01/mimbanner-768x322.jpg 768w" sizes="(max-width: 767px) 89vw, (max-width: 1000px) 54vw, (max-width: 1071px) 543px, 580px" /></figure>

<p>Ich moderiere Events, TV und Radio und bin als Redakteurin und Journalistin immer auf der Suche nach den Themen von morgen. “Ich rede und schreibe, lache und weine. ” Vor und hinter Kamera und Mikro, und auch gerne an der Tastatur. Genauer heißt das: Ich bin Moderatorin, Journalistin und Schauspielerin. Ich moderiere auf (internationalen) Events, &hellip; </p>
<p class="link-more"><a href="https://miriamwinter.at/" class="more-link"><span class="screen-reader-text">„“</span> weiterlesen</a></p>
